 22218 = -11*y. Suppose 5*g + 1933 + 3377 = 5*k, -k + y = -2*g. What are the prime factors of k?
2, 13, 41
Let o = -185 + 132. Let s = o + 33. Let w(y) = y**3 + 19*y**2 - 19*y + 40. What are the prime factors of w(s)?
2, 5
Suppose -529 = -7*i + 6*i. Suppose 525*y - i*y + 4028 = 0. What are the prime factors of y?
19, 53
Suppose 86 - 78 = 2*s. Let x(c) = 3*c**3 + 9*c**2 + 2*c + 4. Let h be x(s). Suppose 7*r - r = h. What are the prime factors of r?
2, 29
List the prime factors of 3 - 6 - (-11)/(66/29616).
4933
Suppose -4*x + 1517 = -4*b - 891, -3*b = 0. Let a = x - 151. List the prime factors of a.
11, 41
Let a = -161 + 225. Let n = -50 + a. Suppose -3*u + n*u = 99. List the prime factors of u.
3
Let n = 9691 + 28099. List the prime factors of n.
2, 5, 3779
Suppose -295*r + 250*r + 2872935 = 0. List the prime factors of r.
3, 13, 1637
Let x be (-1)/(-2 - -1)*-1*-118. Suppose x = 2*q - 4*g, -3*g + 6*g - 146 = -2*q. Suppose 69*k - 394 = q*k. What are the prime factors of k?
197
Let s = 267 - 264. Suppose l = -s, -4*c - 3*l + 2836 = l. What are the prime factors of c?
2, 89
Suppose 0 = -272*i + 278*i - 18. Suppose -n = -i*n - 5*k + 633, -n + 324 = -5*k. List the prime factors of n.
11, 29
Suppose 3*t - 158*i + 155*i - 20895 = 0, 0 = -t + 2*i + 6961. What are the prime factors of t?
3, 23, 101
Let f be (4895/(-15))/(-11)*-15. Let g = f - -950. What are the prime factors of g?
5, 101
Suppose 0 = -4*c + q + 99 + 13, c - 5*q = 28. Let n = c + 220. List the prime factors of n.
2, 31
Suppose 3*s = 4*f - 957, -4*s = -2*f + 121 + 345. Let i = f + 345. Suppose i = -v + 7*v. What are the prime factors of v?
2, 7
Let y be (3 - (-22)/(-8))/((-2)/(-104)). Let p be ((-6)/(-10))/((13/30)/y). What are the prime factors of 13*3/p*6?
13
Suppose -32*o + 28*o + 4682 = -h, 5*h + 23410 = -5*o. What are the prime factors of (h/(-5) - 0) + (-360)/(-600)?
937
Let v(x) = 180*x - 3625. List the prime factors of v(28).
5, 283
Let a = -65 - -69. Suppose -8*c - 996 = -a*c. List the prime factors of (1 - 0) + c/3*-1.
2, 3, 7
Let b(p) = -2*p**2 - 1. Let s be b(1). Let t = 1052 - 1217. List the prime factors of ((-27)/(-15))/(s/t).
3, 11
Let u = -9 + 17. Let q(b) = -352*b + b**3 - 16 - 4*b**2 + 185*b + 163*b. List the prime factors of q(u).
2, 13
Suppose -3*v = -3*w - 6, 4*v + 2*w = -3*w + 35. Let g be (11 - v)/(2 + 0). Suppose 3 = -3*u - 9, -4*n - g*u = -512. What are the prime factors of n?
131
Suppose 35*c - 48782 + 2751 - 25754 = 0. What are the prime factors of c?
7, 293
Let t = -475 + 426. List the prime factors of 5 - 0 - (-5 + 14*t).
2, 3, 29
Let z = -26 + 33. Suppose z*t - 818 = -251. What are the prime factors of t?
3
Let h be (-2)/9 + 2/18 + (-49000)/(-360). Let c = -20 + 44. Let t = h - c. What are the prime factors of t?
2, 7
Suppose -3*y - 16274 = -4*o - 1519, -6*y + 7370 = 2*o. List the prime factors of o.
2, 461
Suppose -2*s + 68*q + 68488 = 66*q, q = 2. List the prime factors of s.
2, 17123
Let k = 40 + -44. Let n be (-64)/48*(-18)/k. What are the prime factors of 15/n*8/(-5)?
2
Suppose 5*q - 2*j = 22446, 4*q + 147*j - 144*j - 17943 = 0. What are the prime factors of q?
2, 3, 11, 17
Let o(w) = 6*w**2 + w - 2. Suppose 3*d = 4*y - 12, 5*d = -4*y + 2*y + 6. Suppose d = 2*q, -p - 8 = p + 4*q. What are the prime factors of o(p)?
2, 3, 5
Let f = 29414 + -15381. List the prime factors of f.
14033
Suppose -g + 230 = 4*k + k, 3*k + 6 = 0. Suppose -b = 4*b - g. What are the prime factors of b?
2, 3
Suppose 3*a + 75 = 231. Let i = -51 + a. What are the prime factors of (40 - -5) + -2 + i?
2, 11
Let q be (-9)/3 - (-1 - -2). What are the prime factors of (-2)/q + 1083/6?
181
Let b(l) = l**3 + 11*l**2 + 22*l + 90. Let n be b(-9). List the prime factors of 9/n - 10941/(-18).
2, 19
Suppose n + 32 = 2*l, 2*n = 4*n. Let h = l - 4. Suppose -216 = h*d - 15*d. List the prime factors of d.
2, 3
Suppose 35*p = 172600 + 224373 + 2017467. What are the prime factors of p?
2, 8623
Let s(t) = -10*t - 107. Let y be s(-28). Suppose -y - 403 = -2*u. What are the prime factors of u?
2, 3
Let i = -4641 + 7684. Suppose -4*a = 3*t - i, 3*t = -2*a + 751 + 772. What are the prime factors of a?
2, 5, 19
Let o(s) = 2*s**2 + 12*s + 13. Let b be o(-7). Let d = -17 + 20. Let t = b - d. What are the prime factors of t?
2, 3
Let f = 40865 + 53116. What are the prime factors of f?
3, 31327
Let c = 65 + -921. Let n = 32 - c. List the prime factors of n.
2, 3, 37
Let s = 24744 - -1264. List the prime factors of s.
2, 3251
Let l(j) = -j**3 - 7*j**2 + 12*j - 17. Let w be l(-10). Suppose 0 = -2*a - 25 + w. What are the prime factors of a + -1*(3 - 0)?
2, 3, 11
Let j(p) = -30*p - 51. Let u(x) = -x**3 - 4*x**2 + 7*x + 24. Let b be u(-3). What are the prime factors of j(b)?
3, 43
Let c(k) = 20*k - 25. Let g be c(6). Suppose -2*z + g - 95 = 0. Suppose z*q = q + 3*f - 21, q = 2*f - 4. What are the prime factors of q?
2, 3
What are the prime factors of 7575 + (26 - 34)/(-3*4/12)?
7583
Let b = -7 - -7. Let c(f) = -3*f**2 + 2*f + 698. Let g be c(b). Suppose -8*x + 54 = -g. List the prime factors of x.
2, 47
Let t = 26 + -28. Let q = t - -184. List the prime factors of q.
2, 7, 13
Let w(c) = -11*c - 11. Suppose -4*q + 2*q - k + 119 = 0, -15 = -5*k. Suppose -3*f = 4*p + q, 5*p - 20 = 7*p - 3*f. What are the prime factors of w(p)?
2, 3, 11
Let w(b) = -b**3 + 40*b**2 - 11*b + 147. What are the prime factors of w(24)?
3, 337
Let j be (1710/(-75))/(6/(-20)). Let q(r) = 30*r - 2. Let b be q(-1). Let d = b + j. What are the prime factors of d?
2, 11
What are the prime factors of (-4)/1 - (2*-1434 - 0/(-33))?
2, 179
Suppose 90*i = 89*i + 355. Suppose b + 4*b - l - 380 = 0, 0 = -5*b - 4*l + i. List the prime factors of b.
3, 5
Let d be 1979 - ((-6)/(-10))/(8/40). List the prime factors of d/3*(-18)/(-12).
2, 13, 19
Let g = 77 + 543. Suppose g = 196*c - 194*c. List the prime factors of c.
2, 5, 31
Let m(p) = -2*p**2 + 15*p - 5. Let y be m(7). Suppose 0 = -3*u + 10 + y. List the prime factors of -5 + u + 23*2*2.
7, 13
Suppose 60 = 4*j + j + 4*s, 5*j + s - 45 = 0. Suppose -15 = -3*x, 2*w = j*x - 5*x + 9. Suppose 5*n - 252 = -w. List the prime factors of n.
2, 3
Let r(x) = x**2 + 53*x - 161. What are the prime factors of r(75)?
9439
Let o(h) = -h**3 - 17*h**2 - 17*h - 12. Let f be o(-16). Suppose -c + 25 = f*v, -5*c - 4*v = -3*c - 42. Let a(n) = 6*n - 2. What are the prime factors of a(c)?
2, 5
Let h be (-2)/(-8) - (-41415)/132. Let f = h - -299. List the prime factors of f.
613
Suppose -3*n - 4*k = 326 + 96, -5*n = 4*k + 714. Let y = -15 + n. Let f = y + 240. What are the prime factors of f?
79
Let a be 1932/(-3)*((-130)/8 + 2). Suppose a = 2*l + 5*l. What are the prime factors of l?
3, 19, 23
Suppose 2*m - 10 - 4 = -4*t, -t = 5*m - 8. Suppose -5*b - 3*q = -t, -4*q = 5*b - 10 + 11. List the prime factors of 279/3 + (-18)/b + 2.
89
Let s(v) = 235*v - 25. Let z(m) = -938*m + 100. Let y(k) = 9*s(k) + 2*z(k). What are the prime factors of y(4)?
7, 19
Suppose 1 + 4 = -w, q - 5*w - 20 = 0. Let o be -2 + 1/(q/(-715)). Suppose -8*g - o + 629 = 0. What are the prime factors of g?
61
Let w(c) = 2*c**3 - 3*c**2 - 14*c - 3. Let m = -372 - -377. What are the prime factors of w(m)?
2, 3, 17
Let z = 18 + 18. Let b be 8/z + 2/(-9). Suppose b*n - 10*n + 1030 = 0. What are the prime factors of n?
103
Suppose -4*r - 32*h = -37*h - 18616, 4*h = 5*r - 23270. Suppose t - 3500 = -3*j, 0*j - 4*j + 5*t + r = 0. List the prime factors of j.
2, 11, 53
Suppose -2*n - 3*n + 4*u - 300 = 0, 5*n - 5*u = -300. Let w = n - -101. Suppose 0 = -w*x + 48*x - 1575. List the prime factors of x.
3, 5
Let h(q) = -q**2 + q. Let p(v) = -4*v**2 - 9*v + 2. Suppose 1 + 4 = x - 2*s, -3*s - 4 = -5*x. Let l(b) = x*p(b) - 5*h(b). List the prime factors of l(1).
11
Suppose -5*l - 2 = 18, 2*t - 32 = 2*l. Suppose -t*y + 5*w = -8*y - 930, -w + 1148 = 5*y. What are the prime factors of y?
2, 5, 23
List the prime factors of (-118)/(-1239) - 48378/(-63).
2, 3
Let k(n) = -1183*n + 394. List the prime factors of k(-4).
2, 11, 233
Let i(m) = 271*m**2 - 8*m + 10. Let d be (-21)/(-12) + 21/84. List the prime factors of i(d).
2, 7, 11
Let t(f) = -f**3 + 19*f**2 - 13*f + 12. List the prime factors of t(-14).
2, 3331
Let g = 896 - -1. Let v = 16 + g. List the prime factors of v.
11, 83
Suppos